{"id":5213,"date":"2021-06-30T13:05:12","date_gmt":"2021-06-30T16:05:12","guid":{"rendered":"http:\/\/ums.com.uy\/2022\/mar\/?page_id=5213"},"modified":"2022-09-30T11:06:29","modified_gmt":"2022-09-30T14:06:29","slug":"producto","status":"publish","type":"page","link":"https:\/\/ums.com.uy\/2022\/mar\/producto\/","title":{"rendered":"Productos"},"content":{"rendered":"<div class=\"wpb-content-wrapper\"><div id=\"tm-row-69e752249cf14\" class=\"vc_row vc_row-outer vc_row-fluid\"><div id=\"tm-column-69e752249d747\" class=\"wpb_column vc_column_container vc_col-sm-2\"><div class=\"vc_column-inner \"><div class=\"wpb_wrapper\"><\/div><\/div><\/div><div id=\"tm-column-69e752249d93f\" class=\"wpb_column vc_column_container vc_col-sm-8\"><div class=\"vc_column-inner \"><div class=\"wpb_wrapper\">\n\t<div class=\"wpb_text_column wpb_content_element tm-animation move-up\" >\n\t\t<div class=\"wpb_wrapper\">\n\t\t\t<p style=\"text-align: center;\">Chalecos salvavidas, trajes de inmersi\u00f3n, bengalas, se\u00f1ales de humo y m\u00e1s&#8230; Todo lo que necesit\u00e1s para tu seguridad mar\u00edtima lo pod\u00e9s encontrar en nuestra secci\u00f3n de productos. Naveg\u00e1 entre las categor\u00edas principales y ponete en contacto con nosotros para poder asesorarte de la mejor manera.<br \/>\n<strong>Somos UMS, we serve to save lives.<\/strong><\/p>\n\n\t\t<\/div>\n\t<\/div>\n<div class=\"tm-spacer\" id=\"tm-spacer-69e752249dc51\"><\/div>\n<\/div><\/div><\/div><div id=\"tm-column-69e752249ddc0\" class=\"wpb_column vc_column_container vc_col-sm-2\"><div class=\"vc_column-inner \"><div class=\"wpb_wrapper\"><\/div><\/div><\/div><\/div><div id=\"tm-row-69e752249e0ba\" class=\"vc_row vc_row-outer vc_row-fluid\"><div id=\"tm-column-69e752249e2f5\" class=\"wpb_column vc_column_container vc_col-sm-1\/5\"><div class=\"vc_column-inner \"><div class=\"wpb_wrapper\"><div class=\"tm-rotate-box  tm-animation move-up\" id=\"tm-rotate-box-69e752249e50d\">\n\t<div class=\"flipper to-top\">\n\t\t<div class=\"thumb-wrap\">\n\t\t\t<div class=\"box front\">\n\t\t\t\t<div class=\"content-wrap\">\n\t\t\t\t\t\t\t\t\t\t\t<h4 class=\"heading\">\n\t\t\t\t\t\t\tSe\u00f1ales de Socorro\t\t\t\t\t\t<\/h4>\n\t\t\t\t\t\n\t\t\t\t\t\n\t\t\t\t\t\t\t\t\t\t\t\t<a class=\"tm-button style-border-text tm-rotate-box-btn tm-button-default\"\n\t\t\t\t\t\t\t   href=\"http:\/\/ums.com.uy\/2022\/mar\/categoria-producto\/senales-de-socorro\/\"\n\t\t\t\t\t\t\t\t\t\t\t\t\t\t\t>\n\t\t\t\t\t\t\t\t<span class=\"button-text\"><\/span>\n\t\t\t\t\t\t\t<\/a>\n\t\t\t\t\t\t\t\t\t\t<\/div>\n\t\t\t<\/div>\n\t\t\t<div class=\"box back\">\n\t\t\t\t<div class=\"content-wrap\">\n\t\t\t\t\t\t\t\t\t\t\t<h4 class=\"heading\">\n\t\t\t\t\t\t\tSe\u00f1ales de Socorro\t\t\t\t\t\t<\/h4>\n\t\t\t\t\t\n\t\t\t\t\t\t\t\t\t\t\t<div class=\"text\">\n\t\t\t\t\t\t\tBengalas, se\u00f1ales de humo, lanzacabos...lo que est\u00e9s buscando en Se\u00f1ales de Socorro, lo encontr\u00e1s aqu\u00ed\t\t\t\t\t\t<\/div>\n\t\t\t\t\t\n\t\t\t\t\t\t\t\t\t\t\t\t<a class=\"tm-button style-border-text tm-rotate-box-btn\"\n\t\t\t\t\t\t\t   href=\"http:\/\/ums.com.uy\/2022\/mar\/categoria-producto\/senales-de-socorro\/\"\n\t\t\t\t\t\t\t\t\t\t\t\t\t\t\t\t\ttarget=\"_blank\"\n\t\t\t\t\t\t\t\t\t\t\t\t\t\t\t>\n\t\t\t\t\t\t\t\t<span class=\"button-text\">Conocelos aqu\u00ed<\/span>\n\t\t\t\t\t\t\t<\/a>\n\t\t\t\t\t\t\t\t\t\t<\/div>\n\t\t\t<\/div>\n\t\t<\/div>\n\t<\/div>\n<\/div>\n<\/div><\/div><\/div><div id=\"tm-column-69e752249ef9e\" class=\"wpb_column vc_column_container vc_col-sm-1\/5\"><div class=\"vc_column-inner \"><div class=\"wpb_wrapper\"><div class=\"tm-rotate-box  tm-animation move-up\" id=\"tm-rotate-box-69e752249f1b2\">\n\t<div class=\"flipper to-top\">\n\t\t<div class=\"thumb-wrap\">\n\t\t\t<div class=\"box front\">\n\t\t\t\t<div class=\"content-wrap\">\n\t\t\t\t\t\t\t\t\t\t\t<h4 class=\"heading\">\n\t\t\t\t\t\t\tEquipo de Supervivencia Personal\t\t\t\t\t\t<\/h4>\n\t\t\t\t\t\n\t\t\t\t\t\n\t\t\t\t\t\t\t\t\t\t\t\t<a class=\"tm-button style-border-text tm-rotate-box-btn tm-button-default\"\n\t\t\t\t\t\t\t   href=\"http:\/\/ums.com.uy\/2022\/mar\/categoria-producto\/equipos-de-supervivencia-personal\/\"\n\t\t\t\t\t\t\t\t\t\t\t\t\t\t\t>\n\t\t\t\t\t\t\t\t<span class=\"button-text\"><\/span>\n\t\t\t\t\t\t\t<\/a>\n\t\t\t\t\t\t\t\t\t\t<\/div>\n\t\t\t<\/div>\n\t\t\t<div class=\"box back\">\n\t\t\t\t<div class=\"content-wrap\">\n\t\t\t\t\t\t\t\t\t\t\t<h4 class=\"heading\">\n\t\t\t\t\t\t\tEquipo de Supervivencia Personal\t\t\t\t\t\t<\/h4>\n\t\t\t\t\t\n\t\t\t\t\t\t\t\t\t\t\t<div class=\"text\">\n\t\t\t\t\t\t\tAros, chalecos salvavidas, trajes de inmersi\u00f3n y m\u00e1s. Conoc\u00e9 los equipos de supervivencia personal.\t\t\t\t\t\t<\/div>\n\t\t\t\t\t\n\t\t\t\t\t\t\t\t\t\t\t\t<a class=\"tm-button style-border-text tm-rotate-box-btn\"\n\t\t\t\t\t\t\t   href=\"http:\/\/ums.com.uy\/2022\/mar\/categoria-producto\/equipos-de-supervivencia-personal\/\"\n\t\t\t\t\t\t\t\t\t\t\t\t\t\t\t\t\ttarget=\"_blank\"\n\t\t\t\t\t\t\t\t\t\t\t\t\t\t\t>\n\t\t\t\t\t\t\t\t<span class=\"button-text\">Conocelas aqu\u00ed<\/span>\n\t\t\t\t\t\t\t<\/a>\n\t\t\t\t\t\t\t\t\t\t<\/div>\n\t\t\t<\/div>\n\t\t<\/div>\n\t<\/div>\n<\/div>\n<\/div><\/div><\/div><div id=\"tm-column-69e752249f954\" class=\"wpb_column vc_column_container vc_col-sm-1\/5\"><div class=\"vc_column-inner \"><div class=\"wpb_wrapper\"><div class=\"tm-rotate-box  tm-animation move-up\" id=\"tm-rotate-box-69e752249fb15\">\n\t<div class=\"flipper to-top\">\n\t\t<div class=\"thumb-wrap\">\n\t\t\t<div class=\"box front\">\n\t\t\t\t<div class=\"content-wrap\">\n\t\t\t\t\t\t\t\t\t\t\t<h4 class=\"heading\">\n\t\t\t\t\t\t\tBalsas y sistemas de evacuaci\u00f3n\t\t\t\t\t\t<\/h4>\n\t\t\t\t\t\n\t\t\t\t\t\n\t\t\t\t\t\t\t\t\t\t\t\t<a class=\"tm-button style-border-text tm-rotate-box-btn tm-button-default\"\n\t\t\t\t\t\t\t   href=\"http:\/\/ums.com.uy\/2022\/mar\/categoria-producto\/balsas-y-equipos-de-evacuacion\/\"\n\t\t\t\t\t\t\t\t\t\t\t\t\t\t\t>\n\t\t\t\t\t\t\t\t<span class=\"button-text\"><\/span>\n\t\t\t\t\t\t\t<\/a>\n\t\t\t\t\t\t\t\t\t\t<\/div>\n\t\t\t<\/div>\n\t\t\t<div class=\"box back\">\n\t\t\t\t<div class=\"content-wrap\">\n\t\t\t\t\t\t\t\t\t\t\t<h4 class=\"heading\">\n\t\t\t\t\t\t\tBalsas y sistemas de evacuaci\u00f3n\t\t\t\t\t\t<\/h4>\n\t\t\t\t\t\n\t\t\t\t\t\t\t\t\t\t\t<div class=\"text\">\n\t\t\t\t\t\t\tBalsas, botes, camillas de rescate y m\u00e1s, en sistemas de evacuaci\u00f3n. Encontr\u00e1 lo que buscas aqu\u00ed.\t\t\t\t\t\t<\/div>\n\t\t\t\t\t\n\t\t\t\t\t\t\t\t\t\t\t\t<a class=\"tm-button style-border-text tm-rotate-box-btn\"\n\t\t\t\t\t\t\t   href=\"http:\/\/ums.com.uy\/2022\/mar\/categoria-producto\/balsas-y-equipos-de-evacuacion\/\"\n\t\t\t\t\t\t\t\t\t\t\t\t\t\t\t\t\ttarget=\"_blank\"\n\t\t\t\t\t\t\t\t\t\t\t\t\t\t\t>\n\t\t\t\t\t\t\t\t<span class=\"button-text\">Conocelos aqu\u00ed<\/span>\n\t\t\t\t\t\t\t<\/a>\n\t\t\t\t\t\t\t\t\t\t<\/div>\n\t\t\t<\/div>\n\t\t<\/div>\n\t<\/div>\n<\/div>\n<\/div><\/div><\/div><div id=\"tm-column-69e75224a0243\" class=\"wpb_column vc_column_container vc_col-sm-1\/5\"><div class=\"vc_column-inner \"><div class=\"wpb_wrapper\"><div class=\"tm-rotate-box  tm-animation move-up\" id=\"tm-rotate-box-69e75224a03f7\">\n\t<div class=\"flipper to-top\">\n\t\t<div class=\"thumb-wrap\">\n\t\t\t<div class=\"box front\">\n\t\t\t\t<div class=\"content-wrap\">\n\t\t\t\t\t\t\t\t\t\t\t<h4 class=\"heading\">\n\t\t\t\t\t\t\tMateriales y equipos de salvamento\t\t\t\t\t\t<\/h4>\n\t\t\t\t\t\n\t\t\t\t\t\n\t\t\t\t\t\t\t\t\t\t\t\t<a class=\"tm-button style-border-text tm-rotate-box-btn tm-button-default\"\n\t\t\t\t\t\t\t   href=\"http:\/\/ums.com.uy\/2022\/mar\/categoria-producto\/materiales-y-equipos-de-salvamento\/\"\n\t\t\t\t\t\t\t\t\t\t\t\t\t\t\t>\n\t\t\t\t\t\t\t\t<span class=\"button-text\"><\/span>\n\t\t\t\t\t\t\t<\/a>\n\t\t\t\t\t\t\t\t\t\t<\/div>\n\t\t\t<\/div>\n\t\t\t<div class=\"box back\">\n\t\t\t\t<div class=\"content-wrap\">\n\t\t\t\t\t\t\t\t\t\t\t<h4 class=\"heading\">\n\t\t\t\t\t\t\tMateriales y equipos de salvamento\t\t\t\t\t\t<\/h4>\n\t\t\t\t\t\n\t\t\t\t\t\t\t\t\t\t\t<div class=\"text\">\n\t\t\t\t\t\t\tAgua de emergencia, protecciones t\u00e9rmicas, y las mejores raciones para tu seguridad.\t\t\t\t\t\t<\/div>\n\t\t\t\t\t\n\t\t\t\t\t\t\t\t\t\t\t\t<a class=\"tm-button style-border-text tm-rotate-box-btn\"\n\t\t\t\t\t\t\t   href=\"http:\/\/ums.com.uy\/2022\/mar\/categoria-producto\/materiales-y-equipos-de-salvamento\/\"\n\t\t\t\t\t\t\t\t\t\t\t\t\t\t\t\t\ttarget=\"_blank\"\n\t\t\t\t\t\t\t\t\t\t\t\t\t\t\t>\n\t\t\t\t\t\t\t\t<span class=\"button-text\">Conocelas aqu\u00ed<\/span>\n\t\t\t\t\t\t\t<\/a>\n\t\t\t\t\t\t\t\t\t\t<\/div>\n\t\t\t<\/div>\n\t\t<\/div>\n\t<\/div>\n<\/div>\n<\/div><\/div><\/div><div id=\"tm-column-69e75224a1a15\" class=\"wpb_column vc_column_container vc_col-sm-1\/5\"><div class=\"vc_column-inner \"><div class=\"wpb_wrapper\"><div class=\"tm-rotate-box  tm-animation move-up\" id=\"tm-rotate-box-69e75224a1c77\">\n\t<div class=\"flipper to-top\">\n\t\t<div class=\"thumb-wrap\">\n\t\t\t<div class=\"box front\">\n\t\t\t\t<div class=\"content-wrap\">\n\t\t\t\t\t\t\t\t\t\t\t<h4 class=\"heading\">\n\t\t\t\t\t\t\tEquipos contra incendios\t\t\t\t\t\t<\/h4>\n\t\t\t\t\t\n\t\t\t\t\t\n\t\t\t\t\t\t\t\t\t\t\t\t<a class=\"tm-button style-border-text tm-rotate-box-btn tm-button-default\"\n\t\t\t\t\t\t\t   href=\"http:\/\/ums.com.uy\/2022\/mar\/categoria-producto\/equipos-contra-incendios\/\"\n\t\t\t\t\t\t\t\t\t\t\t\t\t\t\t>\n\t\t\t\t\t\t\t\t<span class=\"button-text\"><\/span>\n\t\t\t\t\t\t\t<\/a>\n\t\t\t\t\t\t\t\t\t\t<\/div>\n\t\t\t<\/div>\n\t\t\t<div class=\"box back\">\n\t\t\t\t<div class=\"content-wrap\">\n\t\t\t\t\t\t\t\t\t\t\t<h4 class=\"heading\">\n\t\t\t\t\t\t\tEquipos contra incendios\t\t\t\t\t\t<\/h4>\n\t\t\t\t\t\n\t\t\t\t\t\t\t\t\t\t\t<div class=\"text\">\n\t\t\t\t\t\t\tEquipos contra incendios, guantes, botas, extintores y m\u00e1s. Encontr\u00e1 lo que necesit\u00e1s contra incendios.\t\t\t\t\t\t<\/div>\n\t\t\t\t\t\n\t\t\t\t\t\t\t\t\t\t\t\t<a class=\"tm-button style-border-text tm-rotate-box-btn\"\n\t\t\t\t\t\t\t   href=\"http:\/\/ums.com.uy\/2022\/mar\/categoria-producto\/equipos-contra-incendios\/\"\n\t\t\t\t\t\t\t\t\t\t\t\t\t\t\t\t\ttarget=\"_blank\"\n\t\t\t\t\t\t\t\t\t\t\t\t\t\t\t>\n\t\t\t\t\t\t\t\t<span class=\"button-text\">Conocelos aqu\u00ed<\/span>\n\t\t\t\t\t\t\t<\/a>\n\t\t\t\t\t\t\t\t\t\t<\/div>\n\t\t\t<\/div>\n\t\t<\/div>\n\t<\/div>\n<\/div>\n<\/div><\/div><\/div><\/div><div id=\"tm-row-69e75224a3b55\" class=\"vc_row vc_row-outer vc_row-fluid\"><div id=\"tm-column-69e75224a3dbc\" class=\"wpb_column vc_column_container vc_col-sm-12\"><div class=\"vc_column-inner \"><div class=\"wpb_wrapper\"><div class=\"tm-spacer\" id=\"tm-spacer-69e75224a3f2c\"><\/div>\n<\/div><\/div><\/div><\/div><div id=\"tm-row-69e75224a40fd\" class=\"vc_row vc_row-outer vc_row-fluid\"><div id=\"tm-column-69e75224a42d0\" class=\"wpb_column vc_column_container vc_col-sm-3\"><div class=\"vc_column-inner \"><div class=\"wpb_wrapper\"><\/div><\/div><\/div><div id=\"tm-column-69e75224a4451\" class=\"wpb_column vc_column_container vc_col-sm-3\"><div class=\"vc_column-inner \"><div class=\"wpb_wrapper\"><\/div><\/div><\/div><div id=\"tm-column-69e75224a45aa\" class=\"wpb_column vc_column_container vc_col-sm-3\"><div class=\"vc_column-inner \"><div class=\"wpb_wrapper\"><\/div><\/div><\/div><div id=\"tm-column-69e75224a470f\" class=\"wpb_column vc_column_container vc_col-sm-3\"><div class=\"vc_column-inner \"><div class=\"wpb_wrapper\"><\/div><\/div><\/div><\/div>\n<\/div>","protected":false},"excerpt":{"rendered":"Chalecos salvavidas, trajes de inmersi\u00f3n, bengalas, se\u00f1ales de humo y m\u00e1s... Todo lo que necesit\u00e1s para tu seguridad mar\u00edtima lo pod\u00e9s encontrar en nuestra secci\u00f3n de productos. Naveg\u00e1 entre las categor\u00edas principales y ponete en contacto con nosotros para poder asesorarte de la mejor manera. Somos UMS, we serve to save lives. Se\u00f1ales de Socorro Se\u00f1ales de Socorro Bengalas, se\u00f1ales de humo, lanzacabos...lo que est\u00e9s buscando en Se\u00f1ales de Socorro, lo encontr\u00e1s aqu\u00ed Conocelos aqu\u00ed Equipo de Supervivencia Personal Equipo de Supervivencia Personal Aros, chalecos salvavidas, trajes de inmersi\u00f3n y m\u00e1s. Conoc\u00e9 los equipos de supervivencia personal. Conocelas aqu\u00ed Balsas y sistemas de evacuaci\u00f3n Balsas y sistemas de evacuaci\u00f3n Balsas, botes, camillas de rescate y m\u00e1s, en sistemas de evacuaci\u00f3n. Encontr\u00e1 lo que buscas aqu\u00ed. Conocelos aqu\u00ed Materiales y equipos de salvamento Materiales y equipos de salvamento Agua de emergencia, protecciones t\u00e9rmicas, y las mejores raciones para tu seguridad. Conocelas aqu\u00ed Equipos contra incendios Equipos contra incendios Equipos contra incendios, guantes, botas, extintores y m\u00e1s. Encontr\u00e1 lo que necesit\u00e1s contra incendios. Conocelos aqu\u00ed","protected":false},"author":1,"featured_media":0,"parent":0,"menu_order":0,"comment_status":"closed","ping_status":"closed","template":"","meta":{"footnotes":""},"class_list":["post-5213","page","type-page","status-publish","hentry","post-no-thumbnail"],"jetpack_sharing_enabled":true,"_links":{"self":[{"href":"https:\/\/ums.com.uy\/2022\/mar\/wp-json\/wp\/v2\/pages\/5213","targetHints":{"allow":["GET"]}}],"collection":[{"href":"https:\/\/ums.com.uy\/2022\/mar\/wp-json\/wp\/v2\/pages"}],"about":[{"href":"https:\/\/ums.com.uy\/2022\/mar\/wp-json\/wp\/v2\/types\/page"}],"author":[{"embeddable":true,"href":"https:\/\/ums.com.uy\/2022\/mar\/wp-json\/wp\/v2\/users\/1"}],"replies":[{"embeddable":true,"href":"https:\/\/ums.com.uy\/2022\/mar\/wp-json\/wp\/v2\/comments?post=5213"}],"version-history":[{"count":46,"href":"https:\/\/ums.com.uy\/2022\/mar\/wp-json\/wp\/v2\/pages\/5213\/revisions"}],"predecessor-version":[{"id":5459,"href":"https:\/\/ums.com.uy\/2022\/mar\/wp-json\/wp\/v2\/pages\/5213\/revisions\/5459"}],"wp:attachment":[{"href":"https:\/\/ums.com.uy\/2022\/mar\/wp-json\/wp\/v2\/media?parent=5213"}],"curies":[{"name":"wp","href":"https:\/\/api.w.org\/{rel}","templated":true}]}}