{"id":5350,"date":"2022-07-05T16:06:04","date_gmt":"2022-07-05T19:06:04","guid":{"rendered":"http:\/\/ums.com.uy\/2022\/tierra\/?page_id=5350"},"modified":"2022-07-05T16:17:20","modified_gmt":"2022-07-05T19:17:20","slug":"noticias","status":"publish","type":"page","link":"https:\/\/ums.com.uy\/2022\/tierra\/en\/noticias\/","title":{"rendered":"News"},"content":{"rendered":"<div class=\"wpb-content-wrapper\"><div id=\"tm-row-69f404e7ba1e5\" class=\"vc_row vc_row-outer vc_row-fluid\"><div id=\"tm-column-69f404e7ba8da\" class=\"wpb_column vc_column_container vc_col-sm-12\"><div class=\"vc_column-inner\"><div class=\"wpb_wrapper\">\n<div class=\"vc_grid-container-wrapper vc_clearfix vc_grid-animation-fadeIn\">\n\t<div class=\"vc_grid-container vc_clearfix wpb_content_element vc_basic_grid\" data-initial-loading-animation=\"fadeIn\" data-vc-grid-settings=\"{&quot;page_id&quot;:5350,&quot;style&quot;:&quot;all&quot;,&quot;action&quot;:&quot;vc_get_vc_grid_data&quot;,&quot;shortcode_id&quot;:&quot;1657047003261-986db7d4-4117-5&quot;,&quot;tag&quot;:&quot;vc_basic_grid&quot;}\" data-vc-request=\"https:\/\/ums.com.uy\/2022\/tierra\/wp-admin\/admin-ajax.php\" data-vc-post-id=\"5350\" data-vc-public-nonce=\"235bee4682\">\n\t\t<style data-type=\"vc_shortcodes-custom-css\">.vc_custom_1419240516480{background-color: #f9f9f9 !important;}<\/style><div class=\"vc_grid vc_row vc_grid-gutter-30px vc_pageable-wrapper vc_hook_hover\" data-vc-pageable-content=\"true\"><div class=\"vc_pageable-slide-wrapper vc_clearfix\" data-vc-grid-content=\"true\"><div class=\"vc_grid-item vc_clearfix vc_col-sm-4 vc_grid-item-zone-c-bottom\"><div class=\"vc_grid-item-mini vc_clearfix\"><div class=\"vc_gitem-animated-block\" ><div class=\"vc_gitem-zone vc_gitem-zone-a vc-gitem-zone-height-mode-auto vc-gitem-zone-height-mode-auto-1-1 vc_gitem-is-link\" style=\"background-image: url('https:\/\/ums.com.uy\/2022\/tierra\/wp-content\/uploads\/2018\/05\/Incendio-Rio-Branco.jpg') !important;\"><a href=\"https:\/\/ums.com.uy\/2022\/tierra\/en\/2022\/07\/05\/un-omnibus-se-prendio-fuego-en-su-totalidad-en-la-terminal-de-rio-branco\/\" title=\"A bus caught fire in its entirety at the Rio Branco Bus Terminal.\" class=\"vc_gitem-link vc-zone-link\" ><\/a><img decoding=\"async\" class=\"vc_gitem-zone-img\" src=\"https:\/\/ums.com.uy\/2022\/tierra\/wp-content\/uploads\/2018\/05\/Incendio-Rio-Branco.jpg\" alt=\"Un \u00f3mnibus se prendi\u00f3 fuego en su totalidad en la Terminal de R\u00edo Branco\"><div class=\"vc_gitem-zone-mini\"><\/div><\/div><\/div><div class=\"vc_gitem-zone vc_gitem-zone-c vc_custom_1419240516480\"><div class=\"vc_gitem-zone-mini\"><div class=\"vc_gitem_row vc_row vc_gitem-row-position-top\"><div class=\"vc_col-sm-12 vc_gitem-col vc_gitem-col-align-\"><div class=\"vc_custom_heading vc_gitem-post-data vc_gitem-post-data-source-post_title\" ><h4 style=\"text-align: left\" >A bus caught fire in its entirety at the Rio Branco Bus Terminal.<\/h4><\/div><div class=\"vc_custom_heading vc_gitem-post-data vc_gitem-post-data-source-post_excerpt\" ><p style=\"text-align: left\" ><p>Este lunes en horas de la ma\u00f1ana, en la Terminal Baltasar Brum (R\u00edo Branco), un \u00f3mnibus de la empresa de transporte\u00a0Copsa se prendi\u00f3 fuego en su totalidad. El Destacamento de Centro-Cord\u00f3n de Bomberos acudi\u00f3 al lugar y logr\u00f3 extinguir el fuego gracias a la colaboraci\u00f3n de un cami\u00f3n cisterna. Si bien el \u00f3mnibus registr\u00f3 un \u00abfuego generalizado\u00bb, de acuerdo a lo que explic\u00f3 el vocero de Bomberos Pablo Ben\u00edtez a El Pa\u00eds, la buena noticia es que en el incidente no se registraron heridos. En este momento se investigan las causas que podr\u00edan haber iniciado el fuego en el veh\u00edculo. Fuente: El Pa\u00eds<\/p>\n<\/p><\/div><div class=\"vc_btn3-container vc_btn3-left\"><a class=\"vc_general vc_btn3 vc_btn3-size-md vc_btn3-shape-rounded vc_btn3-style-flat vc_btn3-color-juicy-pink\" a href=\"https:\/\/ums.com.uy\/2022\/tierra\/en\/2022\/07\/05\/un-omnibus-se-prendio-fuego-en-su-totalidad-en-la-terminal-de-rio-branco\/\" title=\"Read more\">Read more<\/a><\/div><\/div><\/div><\/div><\/div><\/div><div class=\"vc_clearfix\"><\/div><\/div><div class=\"vc_grid-item vc_clearfix vc_col-sm-4 vc_grid-item-zone-c-bottom\"><div class=\"vc_grid-item-mini vc_clearfix\"><div class=\"vc_gitem-animated-block\" ><div class=\"vc_gitem-zone vc_gitem-zone-a vc-gitem-zone-height-mode-auto vc-gitem-zone-height-mode-auto-1-1 vc_gitem-is-link\" style=\"background-image: url('https:\/\/ums.com.uy\/2022\/tierra\/wp-content\/uploads\/2019\/12\/icendio-parque-eolico-1024x576.jpg') !important;\"><a href=\"https:\/\/ums.com.uy\/2022\/tierra\/en\/2019\/12\/05\/incendio-en-predio-de-ruta-56-al-lado-del-parque-eolico\/\" title=\"Fire in an area on Route 56 next to the Wind Farm\" class=\"vc_gitem-link vc-zone-link\" ><\/a><img decoding=\"async\" class=\"vc_gitem-zone-img\" src=\"https:\/\/ums.com.uy\/2022\/tierra\/wp-content\/uploads\/2019\/12\/icendio-parque-eolico-1024x576.jpg\" alt=\"Incendio en predio de ruta 56 al lado del Parque E\u00f3lico\"><div class=\"vc_gitem-zone-mini\"><\/div><\/div><\/div><div class=\"vc_gitem-zone vc_gitem-zone-c vc_custom_1419240516480\"><div class=\"vc_gitem-zone-mini\"><div class=\"vc_gitem_row vc_row vc_gitem-row-position-top\"><div class=\"vc_col-sm-12 vc_gitem-col vc_gitem-col-align-\"><div class=\"vc_custom_heading vc_gitem-post-data vc_gitem-post-data-source-post_title\" ><h4 style=\"text-align: left\" >Fire in an area on Route 56 next to the Wind Farm<\/h4><\/div><div class=\"vc_custom_heading vc_gitem-post-data vc_gitem-post-data-source-post_excerpt\" ><p style=\"text-align: left\" ><p>Se registr\u00f3 un incendio en el en predio de la subestaci\u00f3n de energ\u00eda ubicado en el kil\u00f3metro 12 de la ruta 56 al lado del Parque E\u00f3lico. El foco \u00edgneo no afect\u00f3 construcciones ni los molinos que se encuentran a pocos metros del mismo. Fuente: CW33<\/p>\n<\/p><\/div><div class=\"vc_btn3-container vc_btn3-left\"><a class=\"vc_general vc_btn3 vc_btn3-size-md vc_btn3-shape-rounded vc_btn3-style-flat vc_btn3-color-juicy-pink\" a href=\"https:\/\/ums.com.uy\/2022\/tierra\/en\/2019\/12\/05\/incendio-en-predio-de-ruta-56-al-lado-del-parque-eolico\/\" title=\"Read more\">Read more<\/a><\/div><\/div><\/div><\/div><\/div><\/div><div class=\"vc_clearfix\"><\/div><\/div><div class=\"vc_grid-item vc_clearfix vc_col-sm-4 vc_grid-item-zone-c-bottom\"><div class=\"vc_grid-item-mini vc_clearfix\"><div class=\"vc_gitem-animated-block\" ><div class=\"vc_gitem-zone vc_gitem-zone-a vc-gitem-zone-height-mode-auto vc-gitem-zone-height-mode-auto-1-1 vc_gitem-is-link\" style=\"background-image: url('https:\/\/ums.com.uy\/2022\/tierra\/wp-content\/uploads\/2018\/05\/Incendio-bus.jpeg') !important;\"><a href=\"https:\/\/ums.com.uy\/2022\/tierra\/en\/2019\/03\/05\/se-incendio-un-omnibus-en-pleno-centro\/\" title=\"A bus caught fire in the downtown area\" class=\"vc_gitem-link vc-zone-link\" ><\/a><img decoding=\"async\" class=\"vc_gitem-zone-img\" src=\"https:\/\/ums.com.uy\/2022\/tierra\/wp-content\/uploads\/2018\/05\/Incendio-bus.jpeg\" alt=\"Se incendi\u00f3 un \u00f3mnibus en pleno centro\"><div class=\"vc_gitem-zone-mini\"><\/div><\/div><\/div><div class=\"vc_gitem-zone vc_gitem-zone-c vc_custom_1419240516480\"><div class=\"vc_gitem-zone-mini\"><div class=\"vc_gitem_row vc_row vc_gitem-row-position-top\"><div class=\"vc_col-sm-12 vc_gitem-col vc_gitem-col-align-\"><div class=\"vc_custom_heading vc_gitem-post-data vc_gitem-post-data-source-post_title\" ><h4 style=\"text-align: left\" >A bus caught fire in the downtown area<\/h4><\/div><div class=\"vc_custom_heading vc_gitem-post-data vc_gitem-post-data-source-post_excerpt\" ><p style=\"text-align: left\" ><p>Un \u00f3mnibus de la cooperativa de transporte COETC que circulaba este lunes al mediod\u00eda por el Centro sufri\u00f3 una aver\u00eda en el motor que desat\u00f3 un incendio y oblig\u00f3 de inmediato la evacuaci\u00f3n total de los pasajeros. El veh\u00edculo detuvo su marcha en la esquina de Eduardo Acevedo y Colonia, cuando el chofer not\u00f3 que comenzaban las llamas en la parte de atr\u00e1s del \u00f3mnibus. Seg\u00fan pudo comprobar El Observador con la vocera de Bomberos, Mariela Vivone, se trat\u00f3 de una falla mec\u00e1nica. El incendio se extendi\u00f3 r\u00e1pidamente hacia el piso de la unidad, afectando tambi\u00e9n los asientos y el techo. Fuente: El Observador<\/p>\n<\/p><\/div><div class=\"vc_btn3-container vc_btn3-left\"><a class=\"vc_general vc_btn3 vc_btn3-size-md vc_btn3-shape-rounded vc_btn3-style-flat vc_btn3-color-juicy-pink\" a href=\"https:\/\/ums.com.uy\/2022\/tierra\/en\/2019\/03\/05\/se-incendio-un-omnibus-en-pleno-centro\/\" title=\"Read more\">Read more<\/a><\/div><\/div><\/div><\/div><\/div><\/div><div class=\"vc_clearfix\"><\/div><\/div><\/div><\/div>\n\t<\/div>\n<\/div><\/div><\/div><\/div><\/div>\n<\/div>","protected":false},"excerpt":{"rendered":"Un \u00f3mnibus se prendi\u00f3 fuego en su totalidad en la Terminal de R\u00edo BrancoEste lunes en horas de la ma\u00f1ana, en la Terminal Baltasar Brum (R\u00edo Branco), un \u00f3mnibus de la empresa de transporte\u00a0Copsa se prendi\u00f3 fuego en su totalidad. El Destacamento de Centro-Cord\u00f3n de Bomberos acudi\u00f3 al lugar y logr\u00f3 extinguir el fuego gracias a la colaboraci\u00f3n de un cami\u00f3n cisterna. Si bien el \u00f3mnibus registr\u00f3 un \u00abfuego generalizado\u00bb, de acuerdo a lo que explic\u00f3 el vocero de Bomberos Pablo Ben\u00edtez a El Pa\u00eds, la buena noticia es que en el incidente no se registraron heridos. En este momento se investigan las causas que podr\u00edan haber iniciado el fuego en el veh\u00edculo. Fuente: El Pa\u00eds Read moreIncendio en predio de ruta 56 al lado del Parque E\u00f3licoSe registr\u00f3 un incendio en el en predio de la subestaci\u00f3n de energ\u00eda ubicado en el kil\u00f3metro 12 de la ruta 56 al lado del Parque E\u00f3lico. El foco \u00edgneo no afect\u00f3 construcciones ni los molinos que se encuentran a pocos metros del mismo. Fuente: CW33 Read moreSe incendi\u00f3 un \u00f3mnibus en pleno centroUn \u00f3mnibus de la cooperativa de transporte COETC que circulaba este lunes al mediod\u00eda por el Centro sufri\u00f3 una aver\u00eda en el motor que desat\u00f3 un incendio y oblig\u00f3 de inmediato la evacuaci\u00f3n total de los pasajeros. El veh\u00edculo detuvo su marcha en la esquina de Eduardo Acevedo y Colonia, cuando el chofer not\u00f3 que comenzaban las llamas en la parte de atr\u00e1s del \u00f3mnibus. Seg\u00fan pudo comprobar El Observador con la vocera de Bomberos, Mariela Vivone, se trat\u00f3 de una falla mec\u00e1nica. El incendio se extendi\u00f3 r\u00e1pidamente hacia el piso de la unidad, afectando tambi\u00e9n los asientos y el techo. Fuente: El Observador Read more","protected":false},"author":1,"featured_media":0,"parent":0,"menu_order":0,"comment_status":"closed","ping_status":"closed","template":"","meta":{"footnotes":""},"class_list":["post-5350","page","type-page","status-publish","hentry","post-no-thumbnail"],"_links":{"self":[{"href":"https:\/\/ums.com.uy\/2022\/tierra\/en\/wp-json\/wp\/v2\/pages\/5350","targetHints":{"allow":["GET"]}}],"collection":[{"href":"https:\/\/ums.com.uy\/2022\/tierra\/en\/wp-json\/wp\/v2\/pages"}],"about":[{"href":"https:\/\/ums.com.uy\/2022\/tierra\/en\/wp-json\/wp\/v2\/types\/page"}],"author":[{"embeddable":true,"href":"https:\/\/ums.com.uy\/2022\/tierra\/en\/wp-json\/wp\/v2\/users\/1"}],"replies":[{"embeddable":true,"href":"https:\/\/ums.com.uy\/2022\/tierra\/en\/wp-json\/wp\/v2\/comments?post=5350"}],"version-history":[{"count":0,"href":"https:\/\/ums.com.uy\/2022\/tierra\/en\/wp-json\/wp\/v2\/pages\/5350\/revisions"}],"wp:attachment":[{"href":"https:\/\/ums.com.uy\/2022\/tierra\/en\/wp-json\/wp\/v2\/media?parent=5350"}],"curies":[{"name":"wp","href":"https:\/\/api.w.org\/{rel}","templated":true}]}}

<div class="wpb-content-wrapper"><div id="tm-row-69f404e7ba1e5" class="vc_row vc_row-outer vc_row-fluid"><div id="tm-column-69f404e7ba8da" class="wpb_column vc_column_container vc_col-sm-12"><div class="vc_column-inner"><div class="wpb_wrapper">
<div class="vc_grid-container-wrapper vc_clearfix vc_grid-animation-fadeIn">
	<div class="vc_grid-container vc_clearfix wpb_content_element vc_basic_grid" data-initial-loading-animation="fadeIn" data-vc-grid-settings="{&quot;page_id&quot;:5350,&quot;style&quot;:&quot;all&quot;,&quot;action&quot;:&quot;vc_get_vc_grid_data&quot;,&quot;shortcode_id&quot;:&quot;1657047003261-986db7d4-4117-5&quot;,&quot;tag&quot;:&quot;vc_basic_grid&quot;}" data-vc-request="https://ums.com.uy/2022/tierra/wp-admin/admin-ajax.php" data-vc-post-id="5350" data-vc-public-nonce="235bee4682">
		<style data-type="vc_shortcodes-custom-css">.vc_custom_1419240516480{background-color: #f9f9f9 !important;}</style><div class="vc_grid vc_row vc_grid-gutter-30px vc_pageable-wrapper vc_hook_hover" data-vc-pageable-content="true"><div class="vc_pageable-slide-wrapper vc_clearfix" data-vc-grid-content="true"><div class="vc_grid-item vc_clearfix vc_col-sm-4 vc_grid-item-zone-c-bottom"><div class="vc_grid-item-mini vc_clearfix"><div class="vc_gitem-animated-block" ><div class="vc_gitem-zone vc_gitem-zone-a vc-gitem-zone-height-mode-auto vc-gitem-zone-height-mode-auto-1-1 vc_gitem-is-link" style="background-image: url('https://ums.com.uy/2022/tierra/wp-content/uploads/2018/05/Incendio-Rio-Branco.jpg') !important;"><a href="https://ums.com.uy/2022/tierra/en/2022/07/05/un-omnibus-se-prendio-fuego-en-su-totalidad-en-la-terminal-de-rio-branco/" title="A bus caught fire in its entirety at the Rio Branco Bus Terminal." class="vc_gitem-link vc-zone-link" ></a><img decoding="async" class="vc_gitem-zone-img" src="https://ums.com.uy/2022/tierra/wp-content/uploads/2018/05/Incendio-Rio-Branco.jpg" alt="Un ómnibus se prendió fuego en su totalidad en la Terminal de Río Branco"><div class="vc_gitem-zone-mini"></div></div></div><div class="vc_gitem-zone vc_gitem-zone-c vc_custom_1419240516480"><div class="vc_gitem-zone-mini"><div class="vc_gitem_row vc_row vc_gitem-row-position-top"><div class="vc_col-sm-12 vc_gitem-col vc_gitem-col-align-"><div class="vc_custom_heading vc_gitem-post-data vc_gitem-post-data-source-post_title" ><h4 style="text-align: left" >A bus caught fire in its entirety at the Rio Branco Bus Terminal.</h4></div><div class="vc_custom_heading vc_gitem-post-data vc_gitem-post-data-source-post_excerpt" ><p style="text-align: left" ><p>Este lunes en horas de la mañana, en la Terminal Baltasar Brum (Río Branco), un ómnibus de la empresa de transporte Copsa se prendió fuego en su totalidad. El Destacamento de Centro-Cordón de Bomberos acudió al lugar y logró extinguir el fuego gracias a la colaboración de un camión cisterna. Si bien el ómnibus registró un «fuego generalizado», de acuerdo a lo que explicó el vocero de Bomberos Pablo Benítez a El País, la buena noticia es que en el incidente no se registraron heridos. En este momento se investigan las causas que podrían haber iniciado el fuego en el vehículo. Fuente: El País</p>
</p></div><div class="vc_btn3-container vc_btn3-left"><a class="vc_general vc_btn3 vc_btn3-size-md vc_btn3-shape-rounded vc_btn3-style-flat vc_btn3-color-juicy-pink" a href="https://ums.com.uy/2022/tierra/en/2022/07/05/un-omnibus-se-prendio-fuego-en-su-totalidad-en-la-terminal-de-rio-branco/" title="Read more">Read more</a></div></div></div></div></div></div><div class="vc_clearfix"></div></div><div class="vc_grid-item vc_clearfix vc_col-sm-4 vc_grid-item-zone-c-bottom"><div class="vc_grid-item-mini vc_clearfix"><div class="vc_gitem-animated-block" ><div class="vc_gitem-zone vc_gitem-zone-a vc-gitem-zone-height-mode-auto vc-gitem-zone-height-mode-auto-1-1 vc_gitem-is-link" style="background-image: url('https://ums.com.uy/2022/tierra/wp-content/uploads/2019/12/icendio-parque-eolico-1024x576.jpg') !important;"><a href="https://ums.com.uy/2022/tierra/en/2019/12/05/incendio-en-predio-de-ruta-56-al-lado-del-parque-eolico/" title="Fire in an area on Route 56 next to the Wind Farm" class="vc_gitem-link vc-zone-link" ></a><img decoding="async" class="vc_gitem-zone-img" src="https://ums.com.uy/2022/tierra/wp-content/uploads/2019/12/icendio-parque-eolico-1024x576.jpg" alt="Incendio en predio de ruta 56 al lado del Parque Eólico"><div class="vc_gitem-zone-mini"></div></div></div><div class="vc_gitem-zone vc_gitem-zone-c vc_custom_1419240516480"><div class="vc_gitem-zone-mini"><div class="vc_gitem_row vc_row vc_gitem-row-position-top"><div class="vc_col-sm-12 vc_gitem-col vc_gitem-col-align-"><div class="vc_custom_heading vc_gitem-post-data vc_gitem-post-data-source-post_title" ><h4 style="text-align: left" >Fire in an area on Route 56 next to the Wind Farm</h4></div><div class="vc_custom_heading vc_gitem-post-data vc_gitem-post-data-source-post_excerpt" ><p style="text-align: left" ><p>Se registró un incendio en el en predio de la subestación de energía ubicado en el kilómetro 12 de la ruta 56 al lado del Parque Eólico. El foco ígneo no afectó construcciones ni los molinos que se encuentran a pocos metros del mismo. Fuente: CW33</p>
</p></div><div class="vc_btn3-container vc_btn3-left"><a class="vc_general vc_btn3 vc_btn3-size-md vc_btn3-shape-rounded vc_btn3-style-flat vc_btn3-color-juicy-pink" a href="https://ums.com.uy/2022/tierra/en/2019/12/05/incendio-en-predio-de-ruta-56-al-lado-del-parque-eolico/" title="Read more">Read more</a></div></div></div></div></div></div><div class="vc_clearfix"></div></div><div class="vc_grid-item vc_clearfix vc_col-sm-4 vc_grid-item-zone-c-bottom"><div class="vc_grid-item-mini vc_clearfix"><div class="vc_gitem-animated-block" ><div class="vc_gitem-zone vc_gitem-zone-a vc-gitem-zone-height-mode-auto vc-gitem-zone-height-mode-auto-1-1 vc_gitem-is-link" style="background-image: url('https://ums.com.uy/2022/tierra/wp-content/uploads/2018/05/Incendio-bus.jpeg') !important;"><a href="https://ums.com.uy/2022/tierra/en/2019/03/05/se-incendio-un-omnibus-en-pleno-centro/" title="A bus caught fire in the downtown area" class="vc_gitem-link vc-zone-link" ></a><img decoding="async" class="vc_gitem-zone-img" src="https://ums.com.uy/2022/tierra/wp-content/uploads/2018/05/Incendio-bus.jpeg" alt="Se incendió un ómnibus en pleno centro"><div class="vc_gitem-zone-mini"></div></div></div><div class="vc_gitem-zone vc_gitem-zone-c vc_custom_1419240516480"><div class="vc_gitem-zone-mini"><div class="vc_gitem_row vc_row vc_gitem-row-position-top"><div class="vc_col-sm-12 vc_gitem-col vc_gitem-col-align-"><div class="vc_custom_heading vc_gitem-post-data vc_gitem-post-data-source-post_title" ><h4 style="text-align: left" >A bus caught fire in the downtown area</h4></div><div class="vc_custom_heading vc_gitem-post-data vc_gitem-post-data-source-post_excerpt" ><p style="text-align: left" ><p>Un ómnibus de la cooperativa de transporte COETC que circulaba este lunes al mediodía por el Centro sufrió una avería en el motor que desató un incendio y obligó de inmediato la evacuación total de los pasajeros. El vehículo detuvo su marcha en la esquina de Eduardo Acevedo y Colonia, cuando el chofer notó que comenzaban las llamas en la parte de atrás del ómnibus. Según pudo comprobar El Observador con la vocera de Bomberos, Mariela Vivone, se trató de una falla mecánica. El incendio se extendió rápidamente hacia el piso de la unidad, afectando también los asientos y el techo. Fuente: El Observador</p>
</p></div><div class="vc_btn3-container vc_btn3-left"><a class="vc_general vc_btn3 vc_btn3-size-md vc_btn3-shape-rounded vc_btn3-style-flat vc_btn3-color-juicy-pink" a href="https://ums.com.uy/2022/tierra/en/2019/03/05/se-incendio-un-omnibus-en-pleno-centro/" title="Read more">Read more</a></div></div></div></div></div></div><div class="vc_clearfix"></div></div></div></div>
	</div>
</div></div></div></div></div>
</div>

Un ómnibus se prendió fuego en su totalidad en la Terminal de Río BrancoEste lunes en horas de la mañana, en la Terminal Baltasar Brum (Río Branco), un ómnibus de la empresa de transporte Copsa se prendió fuego en su totalidad. El Destacamento de Centro-Cordón de Bomberos acudió al lugar y logró extinguir el fuego gracias a la colaboración de un camión cisterna. Si bien el ómnibus registró un «fuego generalizado», de acuerdo a lo que explicó el vocero de Bomberos Pablo Benítez a El País, la buena noticia es que en el incidente no se registraron heridos. En este momento se investigan las causas que podrían haber iniciado el fuego en el vehículo. Fuente: El País Read moreIncendio en predio de ruta 56 al lado del Parque EólicoSe registró un incendio en el en predio de la subestación de energía ubicado en el kilómetro 12 de la ruta 56 al lado del Parque Eólico. El foco ígneo no afectó construcciones ni los molinos que se encuentran a pocos metros del mismo. Fuente: CW33 Read moreSe incendió un ómnibus en pleno centroUn ómnibus de la cooperativa de transporte COETC que circulaba este lunes al mediodía por el Centro sufrió una avería en el motor que desató un incendio y obligó de inmediato la evacuación total de los pasajeros. El vehículo detuvo su marcha en la esquina de Eduardo Acevedo y Colonia, cuando el chofer notó que comenzaban las llamas en la parte de atrás del ómnibus. Según pudo comprobar El Observador con la vocera de Bomberos, Mariela Vivone, se trató de una falla mecánica. El incendio se extendió rápidamente hacia el piso de la unidad, afectando también los asientos y el techo. Fuente: El Observador Read more
