{"id":5277,"date":"2021-11-26T15:48:56","date_gmt":"2021-11-26T18:48:56","guid":{"rendered":"http:\/\/ums.com.uy\/2022\/tierra\/?post_type=product&#038;p=5277"},"modified":"2021-11-26T15:48:56","modified_gmt":"2021-11-26T18:48:56","slug":"servicio-de-proteccion-personal-donut","status":"publish","type":"product","link":"https:\/\/ums.com.uy\/2022\/tierra\/producto\/servicio-de-proteccion-personal-donut\/","title":{"rendered":"Servicio de protecci\u00f3n personal DONUT"},"content":{"rendered":"<p>El dispositivo patentado de descenso controlado personal Donut es el est\u00e1ndar de la industria de alta mar. Fue dise\u00f1ado y desarrollado en respuesta a la tragedia de Piper Alpha, con la cooperaci\u00f3n de las autoridades reguladoras del Reino Unido y los operadores del Mar del Norte.<\/p>\n<p>Es pr\u00e1cticamente imposible que un evacuado consiga entrar en una balsa salvavidas de lanzamiento sin el uso del dispositivo de descenso controlado personal Donut. Esto se debe a la dificultad causada por las condiciones de viento y mar opuestas.<\/p>\n<p>Con el uso de una correa adicional que se sujeta a la l\u00ednea de pintado de la balsa salvavidas, el usuario es guiado hacia la balsa salvavidas durante el descenso. Y lo que es m\u00e1s importante, una vez en el agua, se alivia el riesgo de que el usuario sea arrastrado por la corriente. El Donut proporciona al usuario una entrada garantizada a la seguridad de la balsa salvavidas.<\/p>\n","protected":false},"excerpt":{"rendered":"<p><strong>Ventajas del Donut sobre los m\u00e9todos convencionales de evacuaci\u00f3n<\/strong><\/p>\n<ul>\n<li><strong>Coste<\/strong> \u2013 si se mantiene adecuadamente y se vuelve a certificar, el Donut s\u00f3lo tiene que comprarse una vez durante la vida \u00fatil de un activo.<\/li>\n<li><strong>Inspecci\u00f3n<\/strong> \u2013 Donut s\u00f3lo requiere ser inspeccionado una vez cada 4 a\u00f1os dentro de un esquema de inspecci\u00f3n reconocido.<\/li>\n<li><strong>Medios fijos, no se puede llegar a ellos, no se pueden utilizar<\/strong> \u2013 Donut es altamente port\u00e1til permitiendo al usuario elegir el mejor momento y posici\u00f3n para realizar su huida.<\/li>\n<li><strong>Sistema multiusuario, la gente puede tener que esperar su turno<\/strong> \u2013 Donut es un hombre, un uso, sin necesidad de esperar a los dem\u00e1s.<\/li>\n<li><strong>Esfuerzo f\u00edsico<\/strong> \u2013 Donut no requiere ninguna fuerza f\u00edsica por parte del usuario para funcionar.<\/li>\n<li><strong>Una vez en el fondo, el usuario no tiene otra opci\u00f3n que entrar en el agua<\/strong> \u2013 Donut permite al usuario detener su descenso y bloquearse por encima del agua, permaneciendo seco, visible y caliente para esperar el rescate.<\/li>\n<li><strong>No hay previsi\u00f3n de bajas<\/strong> \u2013 Donut Rescue puede utilizarse para evacuar a personal herido o inconsciente.<\/li>\n<\/ul>\n","protected":false},"featured_media":5278,"comment_status":"open","ping_status":"closed","template":"","meta":[],"product_brand":[],"product_cat":[118],"product_tag":[130,120,114],"class_list":{"0":"post-5277","1":"product","2":"type-product","3":"status-publish","4":"has-post-thumbnail","6":"product_cat-proteccion-y-rescate","7":"product_tag-donut","8":"product_tag-incendio","9":"product_tag-rescate","11":"first","12":"instock","13":"shipping-taxable","14":"product-type-simple"},"_links":{"self":[{"href":"https:\/\/ums.com.uy\/2022\/tierra\/wp-json\/wp\/v2\/product\/5277","targetHints":{"allow":["GET"]}}],"collection":[{"href":"https:\/\/ums.com.uy\/2022\/tierra\/wp-json\/wp\/v2\/product"}],"about":[{"href":"https:\/\/ums.com.uy\/2022\/tierra\/wp-json\/wp\/v2\/types\/product"}],"replies":[{"embeddable":true,"href":"https:\/\/ums.com.uy\/2022\/tierra\/wp-json\/wp\/v2\/comments?post=5277"}],"wp:featuredmedia":[{"embeddable":true,"href":"https:\/\/ums.com.uy\/2022\/tierra\/wp-json\/wp\/v2\/media\/5278"}],"wp:attachment":[{"href":"https:\/\/ums.com.uy\/2022\/tierra\/wp-json\/wp\/v2\/media?parent=5277"}],"wp:term":[{"taxonomy":"product_brand","embeddable":true,"href":"https:\/\/ums.com.uy\/2022\/tierra\/wp-json\/wp\/v2\/product_brand?post=5277"},{"taxonomy":"product_cat","embeddable":true,"href":"https:\/\/ums.com.uy\/2022\/tierra\/wp-json\/wp\/v2\/product_cat?post=5277"},{"taxonomy":"product_tag","embeddable":true,"href":"https:\/\/ums.com.uy\/2022\/tierra\/wp-json\/wp\/v2\/product_tag?post=5277"}],"curies":[{"name":"wp","href":"https:\/\/api.w.org\/{rel}","templated":true}]}}