{"id":5306,"date":"2021-11-30T21:11:56","date_gmt":"2021-12-01T00:11:56","guid":{"rendered":"http:\/\/ums.com.uy\/2022\/tierra\/?post_type=product&#038;p=5306"},"modified":"2021-11-30T21:11:57","modified_gmt":"2021-12-01T00:11:57","slug":"manta-ignifuga","status":"publish","type":"product","link":"https:\/\/ums.com.uy\/2022\/tierra\/producto\/manta-ignifuga\/","title":{"rendered":"Manta ign\u00edfuga"},"content":{"rendered":"<p>Manta ign\u00edfuga fabricada seg\u00fan la norma EN 1869:1977<\/p>\n<p>En caja de PVC de color rojo.<\/p>\n<p>La manta ign\u00edfuga puede envolver a un trabajador de la cabeza a los pies para extinguir la ropa en llamas.<\/p>\n","protected":false},"excerpt":{"rendered":"<p>Debe colocarse en cualquier zona con riesgo de incendio para proporcionar una protecci\u00f3n instant\u00e1nea cuando la ropa se incendia<\/p>\n","protected":false},"featured_media":5307,"comment_status":"open","ping_status":"closed","template":"","meta":[],"product_brand":[],"product_cat":[118],"product_tag":[149,120,148],"class_list":{"0":"post-5306","1":"product","2":"type-product","3":"status-publish","4":"has-post-thumbnail","6":"product_cat-proteccion-y-rescate","7":"product_tag-ignifuga","8":"product_tag-incendio","9":"product_tag-manta","11":"first","12":"instock","13":"shipping-taxable","14":"product-type-simple"},"_links":{"self":[{"href":"https:\/\/ums.com.uy\/2022\/tierra\/wp-json\/wp\/v2\/product\/5306","targetHints":{"allow":["GET"]}}],"collection":[{"href":"https:\/\/ums.com.uy\/2022\/tierra\/wp-json\/wp\/v2\/product"}],"about":[{"href":"https:\/\/ums.com.uy\/2022\/tierra\/wp-json\/wp\/v2\/types\/product"}],"replies":[{"embeddable":true,"href":"https:\/\/ums.com.uy\/2022\/tierra\/wp-json\/wp\/v2\/comments?post=5306"}],"wp:featuredmedia":[{"embeddable":true,"href":"https:\/\/ums.com.uy\/2022\/tierra\/wp-json\/wp\/v2\/media\/5307"}],"wp:attachment":[{"href":"https:\/\/ums.com.uy\/2022\/tierra\/wp-json\/wp\/v2\/media?parent=5306"}],"wp:term":[{"taxonomy":"product_brand","embeddable":true,"href":"https:\/\/ums.com.uy\/2022\/tierra\/wp-json\/wp\/v2\/product_brand?post=5306"},{"taxonomy":"product_cat","embeddable":true,"href":"https:\/\/ums.com.uy\/2022\/tierra\/wp-json\/wp\/v2\/product_cat?post=5306"},{"taxonomy":"product_tag","embeddable":true,"href":"https:\/\/ums.com.uy\/2022\/tierra\/wp-json\/wp\/v2\/product_tag?post=5306"}],"curies":[{"name":"wp","href":"https:\/\/api.w.org\/{rel}","templated":true}]}}